{"id":4822,"date":"2024-12-22T18:41:35","date_gmt":"2024-12-22T17:41:35","guid":{"rendered":"https:\/\/gcuzhethz.ch\/?post_type=tribe_events&#038;p=4822"},"modified":"2025-10-25T10:25:17","modified_gmt":"2025-10-25T08:25:17","slug":"gv-2025","status":"publish","type":"tribe_events","link":"https:\/\/gcuzhethz.ch\/en\/event\/gv-2025\/","title":{"rendered":"Generalversammlung 2025"},"content":{"rendered":"<p><img loading=\"lazy\" decoding=\"async\" src=\"https:\/\/gcuzhethz.ch\/wp-content\/uploads\/Thumbnail-GV-2025-300x300.png\" alt=\"\" width=\"300\" height=\"300\" class=\"alignleft size-medium wp-image-5391\" srcset=\"https:\/\/gcuzhethz.ch\/wp-content\/uploads\/Thumbnail-GV-2025-300x300.png 300w, https:\/\/gcuzhethz.ch\/wp-content\/uploads\/Thumbnail-GV-2025-1024x1024.png 1024w, https:\/\/gcuzhethz.ch\/wp-content\/uploads\/Thumbnail-GV-2025-150x150.png 150w, https:\/\/gcuzhethz.ch\/wp-content\/uploads\/Thumbnail-GV-2025-768x768.png 768w, https:\/\/gcuzhethz.ch\/wp-content\/uploads\/Thumbnail-GV-2025-12x12.png 12w, https:\/\/gcuzhethz.ch\/wp-content\/uploads\/Thumbnail-GV-2025.png 1125w\" sizes=\"auto, (max-width: 300px) 85vw, 300px\" \/><\/p>\n<p>Die Golfsaison 2025 neigt sich so langsam dem Ende zu und deshalb m\u00f6chten wir uns bei allen Mitgliedern f\u00fcr die sch\u00f6nen und unvergesslichen Momente auf und neben dem Golfplatz bedanken!<\/p>\n<p>Zum Abschluss des Vereinsjahres findet am 08. November um 18 Uhr unsere Generalversammlung im Grain in Z\u00fcrich statt. Wir werden ein gemeinsames Essen haben zum Preis von ca. 30 CHF pro Person. Bitte gebt bei der Anmeldung an, wenn ihr die vegetarische Variante m\u00f6chtet. <\/p>\n<p>Auch dieses Jahr werden wir um 14 Uhr in Winterthur Schwarzlicht-Minigolf spielen. Bitte gebt bei der Anmeldung an, ob ihr zum auch Minigolf kommt oder nur zur GV am Abend. <\/p>\n<p>\u2757\ufe0fBitte beachtet: Nur Mitglieder, die den diesj\u00e4hrigen Mitgliedsbeitrag gezahlt haben, sind an der GV stimmberechtigt!<\/p>\n<p>Anmeldezeitraum: 01.10. bis 27.10.<\/p>","protected":false},"excerpt":{"rendered":"<p>Die Golfsaison 2025 neigt sich so langsam dem Ende zu und deshalb m\u00f6chten wir uns bei allen Mitgliedern f\u00fcr die sch\u00f6nen und unvergesslichen Momente auf und neben dem Golfplatz bedanken! &hellip; <a href=\"https:\/\/gcuzhethz.ch\/en\/event\/gv-2025\/\" class=\"more-link\">Continue reading<span class=\"screen-reader-text\"> &#8222;Generalversammlung 2025&#8220;<\/span><\/a><\/p>","protected":false},"author":1,"featured_media":0,"template":"","meta":{"_tribe_events_status":"","_tribe_events_status_reason":"","footnotes":""},"tags":[],"tribe_events_cat":[45],"class_list":["post-4822","tribe_events","type-tribe_events","status-publish","hentry","tribe_events_cat-social-events","cat_social-events"],"yoast_head":"<!-- This site is optimized with the Yoast SEO plugin v26.4 - https:\/\/yoast.com\/wordpress\/plugins\/seo\/ -->\n<title>Generalversammlung 2025 - Golfclub UZH &amp; ETHZ<\/title>\n<meta name=\"robots\" content=\"index, follow, max-snippet:-1, max-image-preview:large, max-video-preview:-1\" \/>\n<link rel=\"canonical\" href=\"https:\/\/gcuzhethz.ch\/en\/event\/gv-2025\/\" \/>\n<meta property=\"og:locale\" content=\"en_GB\" \/>\n<meta property=\"og:type\" content=\"article\" \/>\n<meta property=\"og:title\" content=\"Generalversammlung 2025 - Golfclub UZH &amp; ETHZ\" \/>\n<meta property=\"og:description\" content=\"Die Golfsaison 2025 neigt sich so langsam dem Ende zu und deshalb m\u00f6chten wir uns bei allen Mitgliedern f\u00fcr die sch\u00f6nen und unvergesslichen Momente auf und neben dem Golfplatz bedanken! &hellip; Continue reading &quot;Generalversammlung 2025&quot;\" \/>\n<meta property=\"og:url\" content=\"https:\/\/gcuzhethz.ch\/en\/event\/gv-2025\/\" \/>\n<meta property=\"og:site_name\" content=\"Golfclub UZH &amp; ETHZ\" \/>\n<meta property=\"article:publisher\" content=\"https:\/\/www.facebook.com\/groups\/22892818878\/\" \/>\n<meta property=\"article:modified_time\" content=\"2025-10-25T08:25:17+00:00\" \/>\n<meta property=\"og:image\" content=\"https:\/\/gcuzhethz.ch\/wp-content\/uploads\/Thumbnail-GV-2025.png\" \/>\n\t<meta property=\"og:image:width\" content=\"1125\" \/>\n\t<meta property=\"og:image:height\" content=\"1125\" \/>\n\t<meta property=\"og:image:type\" content=\"image\/png\" \/>\n<meta name=\"twitter:card\" content=\"summary_large_image\" \/>\n<meta name=\"twitter:label1\" content=\"Estimated reading time\" \/>\n\t<meta name=\"twitter:data1\" content=\"1 minute\" \/>\n<script type=\"application\/ld+json\" class=\"yoast-schema-graph\">{\"@context\":\"https:\/\/schema.org\",\"@graph\":[{\"@type\":\"WebPage\",\"@id\":\"https:\/\/gcuzhethz.ch\/event\/gv-2025\/\",\"url\":\"https:\/\/gcuzhethz.ch\/event\/gv-2025\/\",\"name\":\"Generalversammlung 2025 - Golfclub UZH &amp; ETHZ\",\"isPartOf\":{\"@id\":\"https:\/\/gcuzhethz.ch\/#website\"},\"primaryImageOfPage\":{\"@id\":\"https:\/\/gcuzhethz.ch\/event\/gv-2025\/#primaryimage\"},\"image\":{\"@id\":\"https:\/\/gcuzhethz.ch\/event\/gv-2025\/#primaryimage\"},\"thumbnailUrl\":\"https:\/\/gcuzhethz.ch\/wp-content\/uploads\/Thumbnail-GV-2025-300x300.png\",\"datePublished\":\"2024-12-22T17:41:35+00:00\",\"dateModified\":\"2025-10-25T08:25:17+00:00\",\"breadcrumb\":{\"@id\":\"https:\/\/gcuzhethz.ch\/event\/gv-2025\/#breadcrumb\"},\"inLanguage\":\"en-GB\",\"potentialAction\":[{\"@type\":\"ReadAction\",\"target\":[\"https:\/\/gcuzhethz.ch\/event\/gv-2025\/\"]}]},{\"@type\":\"ImageObject\",\"inLanguage\":\"en-GB\",\"@id\":\"https:\/\/gcuzhethz.ch\/event\/gv-2025\/#primaryimage\",\"url\":\"https:\/\/gcuzhethz.ch\/wp-content\/uploads\/Thumbnail-GV-2025-300x300.png\",\"contentUrl\":\"https:\/\/gcuzhethz.ch\/wp-content\/uploads\/Thumbnail-GV-2025-300x300.png\"},{\"@type\":\"BreadcrumbList\",\"@id\":\"https:\/\/gcuzhethz.ch\/event\/gv-2025\/#breadcrumb\",\"itemListElement\":[{\"@type\":\"ListItem\",\"position\":1,\"name\":\"Startseite\",\"item\":\"https:\/\/gcuzhethz.ch\/\"},{\"@type\":\"ListItem\",\"position\":2,\"name\":\"Events\",\"item\":\"https:\/\/gcuzhethz.ch\/en\/events\/\"},{\"@type\":\"ListItem\",\"position\":3,\"name\":\"Generalversammlung 2025\"}]},{\"@type\":\"WebSite\",\"@id\":\"https:\/\/gcuzhethz.ch\/#website\",\"url\":\"https:\/\/gcuzhethz.ch\/\",\"name\":\"Golfclub UZH &amp; ETHZ\",\"description\":\"Golfclub der Universit\u00e4t Z\u00fcrich und ETH Z\u00fcrich\",\"publisher\":{\"@id\":\"https:\/\/gcuzhethz.ch\/#organization\"},\"alternateName\":\"Golfclub UZH und ETHZ\",\"potentialAction\":[{\"@type\":\"SearchAction\",\"target\":{\"@type\":\"EntryPoint\",\"urlTemplate\":\"https:\/\/gcuzhethz.ch\/?s={search_term_string}\"},\"query-input\":{\"@type\":\"PropertyValueSpecification\",\"valueRequired\":true,\"valueName\":\"search_term_string\"}}],\"inLanguage\":\"en-GB\"},{\"@type\":\"Organization\",\"@id\":\"https:\/\/gcuzhethz.ch\/#organization\",\"name\":\"Golfclub UZH &amp; ETHZ\",\"alternateName\":\"Golfclub UZH und ETHZ\",\"url\":\"https:\/\/gcuzhethz.ch\/\",\"logo\":{\"@type\":\"ImageObject\",\"inLanguage\":\"en-GB\",\"@id\":\"https:\/\/gcuzhethz.ch\/#\/schema\/logo\/image\/\",\"url\":\"https:\/\/gcuzhethz.ch\/wp-content\/uploads\/cropped-Logo_header-2.png\",\"contentUrl\":\"https:\/\/gcuzhethz.ch\/wp-content\/uploads\/cropped-Logo_header-2.png\",\"width\":240,\"height\":96,\"caption\":\"Golfclub UZH &amp; ETHZ\"},\"image\":{\"@id\":\"https:\/\/gcuzhethz.ch\/#\/schema\/logo\/image\/\"},\"sameAs\":[\"https:\/\/www.facebook.com\/groups\/22892818878\/\",\"https:\/\/www.instagram.com\/golfclubuzhethz\/\"]}]}<\/script>\n<!-- \/ Yoast SEO plugin. -->","yoast_head_json":{"title":"Generalversammlung 2025 - Golfclub UZH &amp; ETHZ","robots":{"index":"index","follow":"follow","max-snippet":"max-snippet:-1","max-image-preview":"max-image-preview:large","max-video-preview":"max-video-preview:-1"},"canonical":"https:\/\/gcuzhethz.ch\/en\/event\/gv-2025\/","og_locale":"en_GB","og_type":"article","og_title":"Generalversammlung 2025 - Golfclub UZH &amp; ETHZ","og_description":"Die Golfsaison 2025 neigt sich so langsam dem Ende zu und deshalb m\u00f6chten wir uns bei allen Mitgliedern f\u00fcr die sch\u00f6nen und unvergesslichen Momente auf und neben dem Golfplatz bedanken! &hellip; Continue reading \"Generalversammlung 2025\"","og_url":"https:\/\/gcuzhethz.ch\/en\/event\/gv-2025\/","og_site_name":"Golfclub UZH &amp; ETHZ","article_publisher":"https:\/\/www.facebook.com\/groups\/22892818878\/","article_modified_time":"2025-10-25T08:25:17+00:00","og_image":[{"width":1125,"height":1125,"url":"https:\/\/gcuzhethz.ch\/wp-content\/uploads\/Thumbnail-GV-2025.png","type":"image\/png"}],"twitter_card":"summary_large_image","twitter_misc":{"Estimated reading time":"1 minute"},"schema":{"@context":"https:\/\/schema.org","@graph":[{"@type":"WebPage","@id":"https:\/\/gcuzhethz.ch\/event\/gv-2025\/","url":"https:\/\/gcuzhethz.ch\/event\/gv-2025\/","name":"Generalversammlung 2025 - Golfclub UZH &amp; ETHZ","isPartOf":{"@id":"https:\/\/gcuzhethz.ch\/#website"},"primaryImageOfPage":{"@id":"https:\/\/gcuzhethz.ch\/event\/gv-2025\/#primaryimage"},"image":{"@id":"https:\/\/gcuzhethz.ch\/event\/gv-2025\/#primaryimage"},"thumbnailUrl":"https:\/\/gcuzhethz.ch\/wp-content\/uploads\/Thumbnail-GV-2025-300x300.png","datePublished":"2024-12-22T17:41:35+00:00","dateModified":"2025-10-25T08:25:17+00:00","breadcrumb":{"@id":"https:\/\/gcuzhethz.ch\/event\/gv-2025\/#breadcrumb"},"inLanguage":"en-GB","potentialAction":[{"@type":"ReadAction","target":["https:\/\/gcuzhethz.ch\/event\/gv-2025\/"]}]},{"@type":"ImageObject","inLanguage":"en-GB","@id":"https:\/\/gcuzhethz.ch\/event\/gv-2025\/#primaryimage","url":"https:\/\/gcuzhethz.ch\/wp-content\/uploads\/Thumbnail-GV-2025-300x300.png","contentUrl":"https:\/\/gcuzhethz.ch\/wp-content\/uploads\/Thumbnail-GV-2025-300x300.png"},{"@type":"BreadcrumbList","@id":"https:\/\/gcuzhethz.ch\/event\/gv-2025\/#breadcrumb","itemListElement":[{"@type":"ListItem","position":1,"name":"Startseite","item":"https:\/\/gcuzhethz.ch\/"},{"@type":"ListItem","position":2,"name":"Events","item":"https:\/\/gcuzhethz.ch\/en\/events\/"},{"@type":"ListItem","position":3,"name":"Generalversammlung 2025"}]},{"@type":"WebSite","@id":"https:\/\/gcuzhethz.ch\/#website","url":"https:\/\/gcuzhethz.ch\/","name":"Golfclub UZH &amp; ETHZ","description":"Golfclub der Universit\u00e4t Z\u00fcrich und ETH Z\u00fcrich","publisher":{"@id":"https:\/\/gcuzhethz.ch\/#organization"},"alternateName":"Golfclub UZH und ETHZ","potentialAction":[{"@type":"SearchAction","target":{"@type":"EntryPoint","urlTemplate":"https:\/\/gcuzhethz.ch\/?s={search_term_string}"},"query-input":{"@type":"PropertyValueSpecification","valueRequired":true,"valueName":"search_term_string"}}],"inLanguage":"en-GB"},{"@type":"Organization","@id":"https:\/\/gcuzhethz.ch\/#organization","name":"Golfclub UZH &amp; ETHZ","alternateName":"Golfclub UZH und ETHZ","url":"https:\/\/gcuzhethz.ch\/","logo":{"@type":"ImageObject","inLanguage":"en-GB","@id":"https:\/\/gcuzhethz.ch\/#\/schema\/logo\/image\/","url":"https:\/\/gcuzhethz.ch\/wp-content\/uploads\/cropped-Logo_header-2.png","contentUrl":"https:\/\/gcuzhethz.ch\/wp-content\/uploads\/cropped-Logo_header-2.png","width":240,"height":96,"caption":"Golfclub UZH &amp; ETHZ"},"image":{"@id":"https:\/\/gcuzhethz.ch\/#\/schema\/logo\/image\/"},"sameAs":["https:\/\/www.facebook.com\/groups\/22892818878\/","https:\/\/www.instagram.com\/golfclubuzhethz\/"]}]}},"_links":{"self":[{"href":"https:\/\/gcuzhethz.ch\/en\/wp-json\/wp\/v2\/tribe_events\/4822","targetHints":{"allow":["GET"]}}],"collection":[{"href":"https:\/\/gcuzhethz.ch\/en\/wp-json\/wp\/v2\/tribe_events"}],"about":[{"href":"https:\/\/gcuzhethz.ch\/en\/wp-json\/wp\/v2\/types\/tribe_events"}],"author":[{"embeddable":true,"href":"https:\/\/gcuzhethz.ch\/en\/wp-json\/wp\/v2\/users\/1"}],"version-history":[{"count":14,"href":"https:\/\/gcuzhethz.ch\/en\/wp-json\/wp\/v2\/tribe_events\/4822\/revisions"}],"predecessor-version":[{"id":5474,"href":"https:\/\/gcuzhethz.ch\/en\/wp-json\/wp\/v2\/tribe_events\/4822\/revisions\/5474"}],"wp:attachment":[{"href":"https:\/\/gcuzhethz.ch\/en\/wp-json\/wp\/v2\/media?parent=4822"}],"wp:term":[{"taxonomy":"post_tag","embeddable":true,"href":"https:\/\/gcuzhethz.ch\/en\/wp-json\/wp\/v2\/tags?post=4822"},{"taxonomy":"tribe_events_cat","embeddable":true,"href":"https:\/\/gcuzhethz.ch\/en\/wp-json\/wp\/v2\/tribe_events_cat?post=4822"}],"curies":[{"name":"wp","href":"https:\/\/api.w.org\/{rel}","templated":true}]}}

<p><img loading="lazy" decoding="async" src="https://gcuzhethz.ch/wp-content/uploads/Thumbnail-GV-2025-300x300.png" alt="" width="300" height="300" class="alignleft size-medium wp-image-5391" srcset="https://gcuzhethz.ch/wp-content/uploads/Thumbnail-GV-2025-300x300.png 300w, https://gcuzhethz.ch/wp-content/uploads/Thumbnail-GV-2025-1024x1024.png 1024w, https://gcuzhethz.ch/wp-content/uploads/Thumbnail-GV-2025-150x150.png 150w, https://gcuzhethz.ch/wp-content/uploads/Thumbnail-GV-2025-768x768.png 768w, https://gcuzhethz.ch/wp-content/uploads/Thumbnail-GV-2025-12x12.png 12w, https://gcuzhethz.ch/wp-content/uploads/Thumbnail-GV-2025.png 1125w" sizes="auto, (max-width: 300px) 85vw, 300px" /></p>
<p>Die Golfsaison 2025 neigt sich so langsam dem Ende zu und deshalb möchten wir uns bei allen Mitgliedern für die schönen und unvergesslichen Momente auf und neben dem Golfplatz bedanken!</p>
<p>Zum Abschluss des Vereinsjahres findet am 08. November um 18 Uhr unsere Generalversammlung im Grain in Zürich statt. Wir werden ein gemeinsames Essen haben zum Preis von ca. 30 CHF pro Person. Bitte gebt bei der Anmeldung an, wenn ihr die vegetarische Variante möchtet. </p>
<p>Auch dieses Jahr werden wir um 14 Uhr in Winterthur Schwarzlicht-Minigolf spielen. Bitte gebt bei der Anmeldung an, ob ihr zum auch Minigolf kommt oder nur zur GV am Abend. </p>
<p>❗️Bitte beachtet: Nur Mitglieder, die den diesjährigen Mitgliedsbeitrag gezahlt haben, sind an der GV stimmberechtigt!</p>
<p>Anmeldezeitraum: 01.10. bis 27.10.</p>

<p>Die Golfsaison 2025 neigt sich so langsam dem Ende zu und deshalb möchten wir uns bei allen Mitgliedern für die schönen und unvergesslichen Momente auf und neben dem Golfplatz bedanken! &hellip; <a href="https://gcuzhethz.ch/en/event/gv-2025/" class="more-link">Continue reading<span class="screen-reader-text"> &#8222;Generalversammlung 2025&#8220;</span></a></p>

<!-- This site is optimized with the Yoast SEO plugin v26.4 - https://yoast.com/wordpress/plugins/seo/ -->
<title>Generalversammlung 2025 - Golfclub UZH &amp; ETHZ</title>
<meta name="robots" content="index, follow, max-snippet:-1, max-image-preview:large, max-video-preview:-1" />
<link rel="canonical" href="https://gcuzhethz.ch/en/event/gv-2025/" />
<meta property="og:locale" content="en_GB" />
<meta property="og:type" content="article" />
<meta property="og:title" content="Generalversammlung 2025 - Golfclub UZH &amp; ETHZ" />
<meta property="og:description" content="Die Golfsaison 2025 neigt sich so langsam dem Ende zu und deshalb möchten wir uns bei allen Mitgliedern für die schönen und unvergesslichen Momente auf und neben dem Golfplatz bedanken! &hellip; Continue reading &quot;Generalversammlung 2025&quot;" />
<meta property="og:url" content="https://gcuzhethz.ch/en/event/gv-2025/" />
<meta property="og:site_name" content="Golfclub UZH &amp; ETHZ" />
<meta property="article:publisher" content="https://www.facebook.com/groups/22892818878/" />
<meta property="article:modified_time" content="2025-10-25T08:25:17+00:00" />
<meta property="og:image" content="https://gcuzhethz.ch/wp-content/uploads/Thumbnail-GV-2025.png" />
	<meta property="og:image:width" content="1125" />
	<meta property="og:image:height" content="1125" />
	<meta property="og:image:type" content="image/png" />
<meta name="twitter:card" content="summary_large_image" />
<meta name="twitter:label1" content="Estimated reading time" />
	<meta name="twitter:data1" content="1 minute" />
<script type="application/ld+json" class="yoast-schema-graph">{"@context":"https://schema.org","@graph":[{"@type":"WebPage","@id":"https://gcuzhethz.ch/event/gv-2025/","url":"https://gcuzhethz.ch/event/gv-2025/","name":"Generalversammlung 2025 - Golfclub UZH &amp; ETHZ","isPartOf":{"@id":"https://gcuzhethz.ch/#website"},"primaryImageOfPage":{"@id":"https://gcuzhethz.ch/event/gv-2025/#primaryimage"},"image":{"@id":"https://gcuzhethz.ch/event/gv-2025/#primaryimage"},"thumbnailUrl":"https://gcuzhethz.ch/wp-content/uploads/Thumbnail-GV-2025-300x300.png","datePublished":"2024-12-22T17:41:35+00:00","dateModified":"2025-10-25T08:25:17+00:00","breadcrumb":{"@id":"https://gcuzhethz.ch/event/gv-2025/#breadcrumb"},"inLanguage":"en-GB","potentialAction":[{"@type":"ReadAction","target":["https://gcuzhethz.ch/event/gv-2025/"]}]},{"@type":"ImageObject","inLanguage":"en-GB","@id":"https://gcuzhethz.ch/event/gv-2025/#primaryimage","url":"https://gcuzhethz.ch/wp-content/uploads/Thumbnail-GV-2025-300x300.png","contentUrl":"https://gcuzhethz.ch/wp-content/uploads/Thumbnail-GV-2025-300x300.png"},{"@type":"BreadcrumbList","@id":"https://gcuzhethz.ch/event/gv-2025/#breadcrumb","itemListElement":[{"@type":"ListItem","position":1,"name":"Startseite","item":"https://gcuzhethz.ch/"},{"@type":"ListItem","position":2,"name":"Events","item":"https://gcuzhethz.ch/en/events/"},{"@type":"ListItem","position":3,"name":"Generalversammlung 2025"}]},{"@type":"WebSite","@id":"https://gcuzhethz.ch/#website","url":"https://gcuzhethz.ch/","name":"Golfclub UZH &amp; ETHZ","description":"Golfclub der Universität Zürich und ETH Zürich","publisher":{"@id":"https://gcuzhethz.ch/#organization"},"alternateName":"Golfclub UZH und ETHZ","potentialAction":[{"@type":"SearchAction","target":{"@type":"EntryPoint","urlTemplate":"https://gcuzhethz.ch/?s={search_term_string}"},"query-input":{"@type":"PropertyValueSpecification","valueRequired":true,"valueName":"search_term_string"}}],"inLanguage":"en-GB"},{"@type":"Organization","@id":"https://gcuzhethz.ch/#organization","name":"Golfclub UZH &amp; ETHZ","alternateName":"Golfclub UZH und ETHZ","url":"https://gcuzhethz.ch/","logo":{"@type":"ImageObject","inLanguage":"en-GB","@id":"https://gcuzhethz.ch/#/schema/logo/image/","url":"https://gcuzhethz.ch/wp-content/uploads/cropped-Logo_header-2.png","contentUrl":"https://gcuzhethz.ch/wp-content/uploads/cropped-Logo_header-2.png","width":240,"height":96,"caption":"Golfclub UZH &amp; ETHZ"},"image":{"@id":"https://gcuzhethz.ch/#/schema/logo/image/"},"sameAs":["https://www.facebook.com/groups/22892818878/","https://www.instagram.com/golfclubuzhethz/"]}]}</script>
<!-- / Yoast SEO plugin. -->

Die Golfsaison 2025 neigt sich so langsam dem Ende zu und deshalb möchten wir uns bei allen Mitgliedern für die schönen und unvergesslichen Momente auf und neben dem Golfplatz bedanken! &hellip; Continue reading "Generalversammlung 2025"

Golfclub der Universität Zürich und ETH Zürich
