{"id":3388,"date":"2021-11-25T23:14:35","date_gmt":"2021-11-25T22:14:35","guid":{"rendered":"https:\/\/www.golfclub.uzh.ch\/?post_type=tribe_events&#038;p=3388"},"modified":"2023-02-09T11:16:07","modified_gmt":"2023-02-09T10:16:07","slug":"gv","status":"publish","type":"tribe_events","link":"https:\/\/gcuzhethz.ch\/en\/event\/gv\/","title":{"rendered":"GA with Fantasy Minigolf"},"content":{"rendered":"<p>We are pleased to invite you to our Annual General Assembly on 03.12.22.<br \/>\nThis year we will play Fantasy Minigolf with black light together in Winterthur beforehand (14:00 \/ joint arrival from the HB will be announced in the WhatsApp chat).<br \/>\nThe GA will then take place at The Grain restaurant in Z\u00fcrich. The costs for the mini-golf will be covered by the association. Please pay for the dinner at the GA yourself in the evening at the restaurant. The agenda and the budget for 2023 can be found in the group chat.<\/p>\n<p>Please register early (by 25.11.22 at the latest) on our website. Please indicate whether you want to participate in the mini-golf &amp; whether you would like to eat vegetarian food \ud83d\ude0a<\/p>\n<p>&nbsp;<\/p>","protected":false},"excerpt":{"rendered":"<p>Wir freuen uns, Euch zu unserer j\u00e4hrlichen Generalversammlung am 03.12.22 einzuladen. Dieses Jahr werden wir vorher gemeinsam in Winterthur Fantasy Minigolf mit Schwarzlicht spielen (14:00 \/ gemeinsame Anreise vom HB &hellip; <a href=\"https:\/\/gcuzhethz.ch\/en\/event\/gv\/\" class=\"more-link\">Continue reading<span class=\"screen-reader-text\"> &#8222;GV mit Fantasy Minigolf&#8220;<\/span><\/a><\/p>","protected":false},"author":1,"featured_media":0,"template":"","meta":{"_tribe_events_status":"","_tribe_events_status_reason":"","footnotes":""},"tags":[77,115,53,54,119,114,116,59,78],"tribe_events_cat":[45],"class_list":["post-3388","tribe_events","type-tribe_events","status-publish","hentry","tag-ethz","tag-fantasy-minigolf","tag-generalversammlung","tag-golfclub","tag-golfclub-uzh-ethz","tag-gv","tag-minigolf","tag-the-grain","tag-uzh","tribe_events_cat-social-events","cat_social-events"],"yoast_head":"<!-- This site is optimized with the Yoast SEO plugin v26.4 - https:\/\/yoast.com\/wordpress\/plugins\/seo\/ -->\n<title>GV mit Fantasy Minigolf - Golfclub UZH &amp; ETHZ<\/title>\n<meta name=\"robots\" content=\"index, follow, max-snippet:-1, max-image-preview:large, max-video-preview:-1\" \/>\n<link rel=\"canonical\" href=\"https:\/\/gcuzhethz.ch\/en\/event\/gv\/\" \/>\n<meta property=\"og:locale\" content=\"en_GB\" \/>\n<meta property=\"og:type\" content=\"article\" \/>\n<meta property=\"og:title\" content=\"GV mit Fantasy Minigolf - Golfclub UZH &amp; ETHZ\" \/>\n<meta property=\"og:description\" content=\"Wir freuen uns, Euch zu unserer j\u00e4hrlichen Generalversammlung am 03.12.22 einzuladen. Dieses Jahr werden wir vorher gemeinsam in Winterthur Fantasy Minigolf mit Schwarzlicht spielen (14:00 \/ gemeinsame Anreise vom HB &hellip; Continue reading &quot;GV mit Fantasy Minigolf&quot;\" \/>\n<meta property=\"og:url\" content=\"https:\/\/gcuzhethz.ch\/en\/event\/gv\/\" \/>\n<meta property=\"og:site_name\" content=\"Golfclub UZH &amp; ETHZ\" \/>\n<meta property=\"article:publisher\" content=\"https:\/\/www.facebook.com\/groups\/22892818878\/\" \/>\n<meta property=\"article:modified_time\" content=\"2023-02-09T10:16:07+00:00\" \/>\n<meta property=\"og:image\" content=\"https:\/\/gcuzhethz.ch\/wp-content\/uploads\/Logo_1200x675.png\" \/>\n\t<meta property=\"og:image:width\" content=\"1200\" \/>\n\t<meta property=\"og:image:height\" content=\"675\" \/>\n\t<meta property=\"og:image:type\" content=\"image\/png\" \/>\n<meta name=\"twitter:card\" content=\"summary_large_image\" \/>\n<meta name=\"twitter:label1\" content=\"Estimated reading time\" \/>\n\t<meta name=\"twitter:data1\" content=\"1 minute\" \/>\n<script type=\"application\/ld+json\" class=\"yoast-schema-graph\">{\"@context\":\"https:\/\/schema.org\",\"@graph\":[{\"@type\":\"WebPage\",\"@id\":\"https:\/\/gcuzhethz.ch\/event\/gv\/\",\"url\":\"https:\/\/gcuzhethz.ch\/event\/gv\/\",\"name\":\"GV mit Fantasy Minigolf - Golfclub UZH &amp; ETHZ\",\"isPartOf\":{\"@id\":\"https:\/\/gcuzhethz.ch\/#website\"},\"datePublished\":\"2021-11-25T22:14:35+00:00\",\"dateModified\":\"2023-02-09T10:16:07+00:00\",\"breadcrumb\":{\"@id\":\"https:\/\/gcuzhethz.ch\/event\/gv\/#breadcrumb\"},\"inLanguage\":\"en-GB\",\"potentialAction\":[{\"@type\":\"ReadAction\",\"target\":[\"https:\/\/gcuzhethz.ch\/event\/gv\/\"]}]},{\"@type\":\"BreadcrumbList\",\"@id\":\"https:\/\/gcuzhethz.ch\/event\/gv\/#breadcrumb\",\"itemListElement\":[{\"@type\":\"ListItem\",\"position\":1,\"name\":\"Startseite\",\"item\":\"https:\/\/gcuzhethz.ch\/\"},{\"@type\":\"ListItem\",\"position\":2,\"name\":\"Events\",\"item\":\"https:\/\/gcuzhethz.ch\/en\/events\/\"},{\"@type\":\"ListItem\",\"position\":3,\"name\":\"GV mit Fantasy Minigolf\"}]},{\"@type\":\"WebSite\",\"@id\":\"https:\/\/gcuzhethz.ch\/#website\",\"url\":\"https:\/\/gcuzhethz.ch\/\",\"name\":\"Golfclub UZH &amp; ETHZ\",\"description\":\"Golfclub der Universit\u00e4t Z\u00fcrich und ETH Z\u00fcrich\",\"publisher\":{\"@id\":\"https:\/\/gcuzhethz.ch\/#organization\"},\"alternateName\":\"Golfclub UZH und ETHZ\",\"potentialAction\":[{\"@type\":\"SearchAction\",\"target\":{\"@type\":\"EntryPoint\",\"urlTemplate\":\"https:\/\/gcuzhethz.ch\/?s={search_term_string}\"},\"query-input\":{\"@type\":\"PropertyValueSpecification\",\"valueRequired\":true,\"valueName\":\"search_term_string\"}}],\"inLanguage\":\"en-GB\"},{\"@type\":\"Organization\",\"@id\":\"https:\/\/gcuzhethz.ch\/#organization\",\"name\":\"Golfclub UZH &amp; ETHZ\",\"alternateName\":\"Golfclub UZH und ETHZ\",\"url\":\"https:\/\/gcuzhethz.ch\/\",\"logo\":{\"@type\":\"ImageObject\",\"inLanguage\":\"en-GB\",\"@id\":\"https:\/\/gcuzhethz.ch\/#\/schema\/logo\/image\/\",\"url\":\"https:\/\/gcuzhethz.ch\/wp-content\/uploads\/cropped-Logo_header-2.png\",\"contentUrl\":\"https:\/\/gcuzhethz.ch\/wp-content\/uploads\/cropped-Logo_header-2.png\",\"width\":240,\"height\":96,\"caption\":\"Golfclub UZH &amp; ETHZ\"},\"image\":{\"@id\":\"https:\/\/gcuzhethz.ch\/#\/schema\/logo\/image\/\"},\"sameAs\":[\"https:\/\/www.facebook.com\/groups\/22892818878\/\",\"https:\/\/www.instagram.com\/golfclubuzhethz\/\"]}]}<\/script>\n<!-- \/ Yoast SEO plugin. -->","yoast_head_json":{"title":"GV mit Fantasy Minigolf - Golfclub UZH &amp; ETHZ","robots":{"index":"index","follow":"follow","max-snippet":"max-snippet:-1","max-image-preview":"max-image-preview:large","max-video-preview":"max-video-preview:-1"},"canonical":"https:\/\/gcuzhethz.ch\/en\/event\/gv\/","og_locale":"en_GB","og_type":"article","og_title":"GV mit Fantasy Minigolf - Golfclub UZH &amp; ETHZ","og_description":"Wir freuen uns, Euch zu unserer j\u00e4hrlichen Generalversammlung am 03.12.22 einzuladen. Dieses Jahr werden wir vorher gemeinsam in Winterthur Fantasy Minigolf mit Schwarzlicht spielen (14:00 \/ gemeinsame Anreise vom HB &hellip; Continue reading \"GV mit Fantasy Minigolf\"","og_url":"https:\/\/gcuzhethz.ch\/en\/event\/gv\/","og_site_name":"Golfclub UZH &amp; ETHZ","article_publisher":"https:\/\/www.facebook.com\/groups\/22892818878\/","article_modified_time":"2023-02-09T10:16:07+00:00","og_image":[{"width":1200,"height":675,"url":"https:\/\/gcuzhethz.ch\/wp-content\/uploads\/Logo_1200x675.png","type":"image\/png"}],"twitter_card":"summary_large_image","twitter_misc":{"Estimated reading time":"1 minute"},"schema":{"@context":"https:\/\/schema.org","@graph":[{"@type":"WebPage","@id":"https:\/\/gcuzhethz.ch\/event\/gv\/","url":"https:\/\/gcuzhethz.ch\/event\/gv\/","name":"GV mit Fantasy Minigolf - Golfclub UZH &amp; ETHZ","isPartOf":{"@id":"https:\/\/gcuzhethz.ch\/#website"},"datePublished":"2021-11-25T22:14:35+00:00","dateModified":"2023-02-09T10:16:07+00:00","breadcrumb":{"@id":"https:\/\/gcuzhethz.ch\/event\/gv\/#breadcrumb"},"inLanguage":"en-GB","potentialAction":[{"@type":"ReadAction","target":["https:\/\/gcuzhethz.ch\/event\/gv\/"]}]},{"@type":"BreadcrumbList","@id":"https:\/\/gcuzhethz.ch\/event\/gv\/#breadcrumb","itemListElement":[{"@type":"ListItem","position":1,"name":"Startseite","item":"https:\/\/gcuzhethz.ch\/"},{"@type":"ListItem","position":2,"name":"Events","item":"https:\/\/gcuzhethz.ch\/en\/events\/"},{"@type":"ListItem","position":3,"name":"GV mit Fantasy Minigolf"}]},{"@type":"WebSite","@id":"https:\/\/gcuzhethz.ch\/#website","url":"https:\/\/gcuzhethz.ch\/","name":"Golfclub UZH &amp; ETHZ","description":"Golfclub der Universit\u00e4t Z\u00fcrich und ETH Z\u00fcrich","publisher":{"@id":"https:\/\/gcuzhethz.ch\/#organization"},"alternateName":"Golfclub UZH und ETHZ","potentialAction":[{"@type":"SearchAction","target":{"@type":"EntryPoint","urlTemplate":"https:\/\/gcuzhethz.ch\/?s={search_term_string}"},"query-input":{"@type":"PropertyValueSpecification","valueRequired":true,"valueName":"search_term_string"}}],"inLanguage":"en-GB"},{"@type":"Organization","@id":"https:\/\/gcuzhethz.ch\/#organization","name":"Golfclub UZH &amp; ETHZ","alternateName":"Golfclub UZH und ETHZ","url":"https:\/\/gcuzhethz.ch\/","logo":{"@type":"ImageObject","inLanguage":"en-GB","@id":"https:\/\/gcuzhethz.ch\/#\/schema\/logo\/image\/","url":"https:\/\/gcuzhethz.ch\/wp-content\/uploads\/cropped-Logo_header-2.png","contentUrl":"https:\/\/gcuzhethz.ch\/wp-content\/uploads\/cropped-Logo_header-2.png","width":240,"height":96,"caption":"Golfclub UZH &amp; ETHZ"},"image":{"@id":"https:\/\/gcuzhethz.ch\/#\/schema\/logo\/image\/"},"sameAs":["https:\/\/www.facebook.com\/groups\/22892818878\/","https:\/\/www.instagram.com\/golfclubuzhethz\/"]}]}},"_links":{"self":[{"href":"https:\/\/gcuzhethz.ch\/en\/wp-json\/wp\/v2\/tribe_events\/3388","targetHints":{"allow":["GET"]}}],"collection":[{"href":"https:\/\/gcuzhethz.ch\/en\/wp-json\/wp\/v2\/tribe_events"}],"about":[{"href":"https:\/\/gcuzhethz.ch\/en\/wp-json\/wp\/v2\/types\/tribe_events"}],"author":[{"embeddable":true,"href":"https:\/\/gcuzhethz.ch\/en\/wp-json\/wp\/v2\/users\/1"}],"version-history":[{"count":6,"href":"https:\/\/gcuzhethz.ch\/en\/wp-json\/wp\/v2\/tribe_events\/3388\/revisions"}],"predecessor-version":[{"id":3528,"href":"https:\/\/gcuzhethz.ch\/en\/wp-json\/wp\/v2\/tribe_events\/3388\/revisions\/3528"}],"wp:attachment":[{"href":"https:\/\/gcuzhethz.ch\/en\/wp-json\/wp\/v2\/media?parent=3388"}],"wp:term":[{"taxonomy":"post_tag","embeddable":true,"href":"https:\/\/gcuzhethz.ch\/en\/wp-json\/wp\/v2\/tags?post=3388"},{"taxonomy":"tribe_events_cat","embeddable":true,"href":"https:\/\/gcuzhethz.ch\/en\/wp-json\/wp\/v2\/tribe_events_cat?post=3388"}],"curies":[{"name":"wp","href":"https:\/\/api.w.org\/{rel}","templated":true}]}}

<p>We are pleased to invite you to our Annual General Assembly on 03.12.22.<br />
This year we will play Fantasy Minigolf with black light together in Winterthur beforehand (14:00 / joint arrival from the HB will be announced in the WhatsApp chat).<br />
The GA will then take place at The Grain restaurant in Zürich. The costs for the mini-golf will be covered by the association. Please pay for the dinner at the GA yourself in the evening at the restaurant. The agenda and the budget for 2023 can be found in the group chat.</p>
<p>Please register early (by 25.11.22 at the latest) on our website. Please indicate whether you want to participate in the mini-golf &amp; whether you would like to eat vegetarian food 😊</p>
<p>&nbsp;</p>

<p>Wir freuen uns, Euch zu unserer jährlichen Generalversammlung am 03.12.22 einzuladen. Dieses Jahr werden wir vorher gemeinsam in Winterthur Fantasy Minigolf mit Schwarzlicht spielen (14:00 / gemeinsame Anreise vom HB &hellip; <a href="https://gcuzhethz.ch/en/event/gv/" class="more-link">Continue reading<span class="screen-reader-text"> &#8222;GV mit Fantasy Minigolf&#8220;</span></a></p>

<!-- This site is optimized with the Yoast SEO plugin v26.4 - https://yoast.com/wordpress/plugins/seo/ -->
<title>GV mit Fantasy Minigolf - Golfclub UZH &amp; ETHZ</title>
<meta name="robots" content="index, follow, max-snippet:-1, max-image-preview:large, max-video-preview:-1" />
<link rel="canonical" href="https://gcuzhethz.ch/en/event/gv/" />
<meta property="og:locale" content="en_GB" />
<meta property="og:type" content="article" />
<meta property="og:title" content="GV mit Fantasy Minigolf - Golfclub UZH &amp; ETHZ" />
<meta property="og:description" content="Wir freuen uns, Euch zu unserer jährlichen Generalversammlung am 03.12.22 einzuladen. Dieses Jahr werden wir vorher gemeinsam in Winterthur Fantasy Minigolf mit Schwarzlicht spielen (14:00 / gemeinsame Anreise vom HB &hellip; Continue reading &quot;GV mit Fantasy Minigolf&quot;" />
<meta property="og:url" content="https://gcuzhethz.ch/en/event/gv/" />
<meta property="og:site_name" content="Golfclub UZH &amp; ETHZ" />
<meta property="article:publisher" content="https://www.facebook.com/groups/22892818878/" />
<meta property="article:modified_time" content="2023-02-09T10:16:07+00:00" />
<meta property="og:image" content="https://gcuzhethz.ch/wp-content/uploads/Logo_1200x675.png" />
	<meta property="og:image:width" content="1200" />
	<meta property="og:image:height" content="675" />
	<meta property="og:image:type" content="image/png" />
<meta name="twitter:card" content="summary_large_image" />
<meta name="twitter:label1" content="Estimated reading time" />
	<meta name="twitter:data1" content="1 minute" />
<script type="application/ld+json" class="yoast-schema-graph">{"@context":"https://schema.org","@graph":[{"@type":"WebPage","@id":"https://gcuzhethz.ch/event/gv/","url":"https://gcuzhethz.ch/event/gv/","name":"GV mit Fantasy Minigolf - Golfclub UZH &amp; ETHZ","isPartOf":{"@id":"https://gcuzhethz.ch/#website"},"datePublished":"2021-11-25T22:14:35+00:00","dateModified":"2023-02-09T10:16:07+00:00","breadcrumb":{"@id":"https://gcuzhethz.ch/event/gv/#breadcrumb"},"inLanguage":"en-GB","potentialAction":[{"@type":"ReadAction","target":["https://gcuzhethz.ch/event/gv/"]}]},{"@type":"BreadcrumbList","@id":"https://gcuzhethz.ch/event/gv/#breadcrumb","itemListElement":[{"@type":"ListItem","position":1,"name":"Startseite","item":"https://gcuzhethz.ch/"},{"@type":"ListItem","position":2,"name":"Events","item":"https://gcuzhethz.ch/en/events/"},{"@type":"ListItem","position":3,"name":"GV mit Fantasy Minigolf"}]},{"@type":"WebSite","@id":"https://gcuzhethz.ch/#website","url":"https://gcuzhethz.ch/","name":"Golfclub UZH &amp; ETHZ","description":"Golfclub der Universität Zürich und ETH Zürich","publisher":{"@id":"https://gcuzhethz.ch/#organization"},"alternateName":"Golfclub UZH und ETHZ","potentialAction":[{"@type":"SearchAction","target":{"@type":"EntryPoint","urlTemplate":"https://gcuzhethz.ch/?s={search_term_string}"},"query-input":{"@type":"PropertyValueSpecification","valueRequired":true,"valueName":"search_term_string"}}],"inLanguage":"en-GB"},{"@type":"Organization","@id":"https://gcuzhethz.ch/#organization","name":"Golfclub UZH &amp; ETHZ","alternateName":"Golfclub UZH und ETHZ","url":"https://gcuzhethz.ch/","logo":{"@type":"ImageObject","inLanguage":"en-GB","@id":"https://gcuzhethz.ch/#/schema/logo/image/","url":"https://gcuzhethz.ch/wp-content/uploads/cropped-Logo_header-2.png","contentUrl":"https://gcuzhethz.ch/wp-content/uploads/cropped-Logo_header-2.png","width":240,"height":96,"caption":"Golfclub UZH &amp; ETHZ"},"image":{"@id":"https://gcuzhethz.ch/#/schema/logo/image/"},"sameAs":["https://www.facebook.com/groups/22892818878/","https://www.instagram.com/golfclubuzhethz/"]}]}</script>
<!-- / Yoast SEO plugin. -->

Wir freuen uns, Euch zu unserer jährlichen Generalversammlung am 03.12.22 einzuladen. Dieses Jahr werden wir vorher gemeinsam in Winterthur Fantasy Minigolf mit Schwarzlicht spielen (14:00 / gemeinsame Anreise vom HB &hellip; Continue reading "GV mit Fantasy Minigolf"

Golfclub der Universität Zürich und ETH Zürich
